{"id":1271,"date":"2020-08-03T17:56:59","date_gmt":"2020-08-03T15:56:59","guid":{"rendered":"http:\/\/septmillrolls.com\/?page_id=1271"},"modified":"2020-08-03T17:57:09","modified_gmt":"2020-08-03T15:57:09","slug":"avantages","status":"publish","type":"page","link":"https:\/\/septmillrolls.com\/?page_id=1271","title":{"rendered":"Avantages"},"content":{"rendered":"\n<p class=\"has-text-color has-vivid-cyan-blue-color\"><strong>Productivit\u00e9 accrue<\/strong><\/p>\n<p>Les rouleaux DELS sont beaucoup plus r\u00e9sistants que le caoutchouc ou le polyur\u00e9thane, ce qui r\u00e9duit le nombre de changements de rouleaux sur les lignes.<\/p>\n<p>Le mat\u00e9riau non tiss\u00e9 utilis\u00e9 par SEPT am\u00e9liore les performances d&rsquo;essorage, r\u00e9duisant ainsi la consommation et le gaspillage d\u2019eau, d\u2019huile et de solutions chimiques.<\/p>\n<p>Les rouleaux SEPT Mill Rolls offrent de meilleurs r\u00e9sultats avec un meilleur impact sur l\u2019environnement.<\/p>\n\n<p class=\"has-text-color has-vivid-cyan-blue-color\"><strong>Surface de bobine plus propre<\/strong><\/p>\n\n<p>Le mat\u00e9riau non tiss\u00e9 SEPT est excellent pour capturer les d\u00e9bris m\u00e9talliques et les \u00e9clats, en \u00e9vitant la d\u00e9t\u00e9rioration de la surface de la bobine. Le mat\u00e9riau non tiss\u00e9 SEPT peut absorber le liquide et les d\u00e9bris l\u00e0 o\u00f9 le caoutchouc ou le polyur\u00e9thane se d\u00e9t\u00e9riorent. Sept Mill Rolls am\u00e9liorent la qualit\u00e9 globale de la production.<\/p>\n\n<p class=\"has-text-color has-vivid-cyan-blue-color\"><strong>R\u00e9duction des co\u00fbts d\u2019entretien<\/strong><\/p>\n\n<p>Le mat\u00e9riau SEPT Mill Rolls peut \u00eatre facilement r\u00e9par\u00e9. Lorsque la surface du rouleau est endommag\u00e9e, le rouleau peut \u00eatre partiellement ou totalement r\u00e9par\u00e9 en fonction des dommages. Il r\u00e9duit les co\u00fbts d\u2019entretien et accroissent la dur\u00e9e d&rsquo;utilisation des rouleaux, r\u00e9duisant le nombre d&rsquo;arr\u00eats.<\/p>\n\n<p class=\"has-text-color has-vivid-cyan-blue-color\"><strong>R\u00e9duction de la consommation de fluide et baisse de la consommation d\u2019\u00e9nergie<\/strong><\/p>\n\n<p>En raison d\u2019un meilleur essorage de la t\u00f4le, SEPT Mill Rolls \u00e9vite la migration de solutions entre les bains caustiques et acides tout au long de la ligne. Il limite le gaspillage d\u2019eau et de fluide. Le coefficient de friction \u00e9lev\u00e9 \u00e9vite l\u2019utilisation d&rsquo;un moteur pour synchroniser la vitesse. Les SEPT Mill Rolls fonctionnent \u00e0 la vitesse de la ligne sans aucune puissance ni moteur suppl\u00e9mentaires.<\/p>\n\n<p class=\"has-text-color has-vivid-cyan-blue-color\"><strong>Productivit\u00e9 et retour sur investissement<\/strong><\/p>\n\n<p>Le prix d\u2019achat initial plus \u00e9lev\u00e9 des rouleaux non tiss\u00e9s est rapidement amorti par le gain de productivit\u00e9 et l\u2019am\u00e9lioration des performances de la ligne. L\u2019utilisation de SEPT Mill Rolls est une occasion unique d\u2019acc\u00e9l\u00e9rer le retour sur investissement, d\u2019am\u00e9liorer la qualit\u00e9 et d\u2019accro\u00eetre la satisfaction de la client\u00e8le.<\/p>\n","protected":false},"excerpt":{"rendered":"<p>Productivit\u00e9 accrue Les rouleaux DELS sont beaucoup plus r\u00e9sistants que [&hellip;]<\/p>\n","protected":false},"author":1,"featured_media":0,"parent":0,"menu_order":0,"comment_status":"closed","ping_status":"closed","template":"","meta":{"footnotes":""},"class_list":["post-1271","page","type-page","status-publish","hentry"],"_links":{"self":[{"href":"https:\/\/septmillrolls.com\/index.php?rest_route=\/wp\/v2\/pages\/1271","targetHints":{"allow":["GET"]}}],"collection":[{"href":"https:\/\/septmillrolls.com\/index.php?rest_route=\/wp\/v2\/pages"}],"about":[{"href":"https:\/\/septmillrolls.com\/index.php?rest_route=\/wp\/v2\/types\/page"}],"author":[{"embeddable":true,"href":"https:\/\/septmillrolls.com\/index.php?rest_route=\/wp\/v2\/users\/1"}],"replies":[{"embeddable":true,"href":"https:\/\/septmillrolls.com\/index.php?rest_route=%2Fwp%2Fv2%2Fcomments&post=1271"}],"version-history":[{"count":3,"href":"https:\/\/septmillrolls.com\/index.php?rest_route=\/wp\/v2\/pages\/1271\/revisions"}],"predecessor-version":[{"id":1275,"href":"https:\/\/septmillrolls.com\/index.php?rest_route=\/wp\/v2\/pages\/1271\/revisions\/1275"}],"wp:attachment":[{"href":"https:\/\/septmillrolls.com\/index.php?rest_route=%2Fwp%2Fv2%2Fmedia&parent=1271"}],"curies":[{"name":"wp","href":"https:\/\/api.w.org\/{rel}","templated":true}]}}